{"id":203,"date":"2022-08-09T15:45:58","date_gmt":"2022-08-09T18:45:58","guid":{"rendered":"https:\/\/supremagrill.com.br\/store\/?post_type=product&#038;p=203"},"modified":"2023-02-01T15:07:41","modified_gmt":"2023-02-01T18:07:41","slug":"cartao-presente-500-reais","status":"publish","type":"product","link":"https:\/\/churrascariarecantogaucho.com.br\/store\/produto\/cartao-presente-500-reais\/","title":{"rendered":"Cart\u00e3o Presente 500 reais"},"content":{"rendered":"<p>Cart\u00e3o Presente R$500,00 (quinhentos reais)<br \/>\nO cart\u00e3o funciona como cr\u00e9dito, no valor acima.<br \/>\nCaso ultrapasse o valor do cart\u00e3o, o presenteado paga o excedente na hora do uso.<br \/>\nO cart\u00e3o tem grande flexibilidade, pois pode ser usado no dia e turno que o presenteado quiser, para refei\u00e7\u00f5es no local ou retirada para viagem e na unidade que desejar -Tarum\u00e3 ou Torres.<br \/>\n* N\u00e3o v\u00e1lido em delivery.<br \/>\n<span style=\"color: #900000;\">* Remetente e destinat\u00e1rio s\u00e3o obrigat\u00f3rios.<\/span><\/p>\n","protected":false},"excerpt":{"rendered":"<p>Cart\u00e3o Presente R$500,00 (quinhentos reais)<br \/>\nO cart\u00e3o funciona como cr\u00e9dito, no valor acima.<br \/>\nCaso ultrapasse o valor do cart\u00e3o, o presenteado paga o excedente na hora do uso.<br \/>\nO cart\u00e3o tem grande flexibilidade, pois pode ser usado no dia e turno que o presenteado quiser, para refei\u00e7\u00f5es no local ou retirada para viagem e na unidade que desejar -Tarum\u00e3 ou Torres.<br \/>\n* N\u00e3o v\u00e1lido em delivery.<br \/>\n<span style=\"color: #900000;\">* Remetente e destinat\u00e1rio s\u00e3o obrigat\u00f3rios.<\/span><\/p>\n","protected":false},"featured_media":414,"template":"","meta":{"site-sidebar-layout":"default","site-content-layout":"default","ast-site-content-layout":"default","site-content-style":"default","site-sidebar-style":"default","ast-global-header-display":"","ast-banner-title-visibility":"","ast-main-header-display":"","ast-hfb-above-header-display":"","ast-hfb-below-header-display":"","ast-hfb-mobile-header-display":"","site-post-title":"","ast-breadcrumbs-content":"","ast-featured-img":"","footer-sml-layout":"","ast-disable-related-posts":"","theme-transparent-header-meta":"default","adv-header-id-meta":"","stick-header-meta":"","header-above-stick-meta":"","header-main-stick-meta":"","header-below-stick-meta":"","astra-migrate-meta-layouts":"default","ast-page-background-enabled":"default","ast-page-background-meta":{"desktop":{"background-color":"var(--ast-global-color-4)","background-image":"","background-repeat":"repeat","background-position":"center center","background-size":"auto","background-attachment":"scroll","background-type":"","background-media":"","overlay-type":"","overlay-color":"","overlay-opacity":"","overlay-gradient":""},"tablet":{"background-color":"","background-image":"","background-repeat":"repeat","background-position":"center center","background-size":"auto","background-attachment":"scroll","background-type":"","background-media":"","overlay-type":"","overlay-color":"","overlay-opacity":"","overlay-gradient":""},"mobile":{"background-color":"","background-image":"","background-repeat":"repeat","background-position":"center center","background-size":"auto","background-attachment":"scroll","background-type":"","background-media":"","overlay-type":"","overlay-color":"","overlay-opacity":"","overlay-gradient":""}},"ast-content-background-meta":{"desktop":{"background-color":"var(--ast-global-color-5)","background-image":"","background-repeat":"repeat","background-position":"center center","background-size":"auto","background-attachment":"scroll","background-type":"","background-media":"","overlay-type":"","overlay-color":"","overlay-opacity":"","overlay-gradient":""},"tablet":{"background-color":"var(--ast-global-color-5)","background-image":"","background-repeat":"repeat","background-position":"center center","background-size":"auto","background-attachment":"scroll","background-type":"","background-media":"","overlay-type":"","overlay-color":"","overlay-opacity":"","overlay-gradient":""},"mobile":{"background-color":"var(--ast-global-color-5)","background-image":"","background-repeat":"repeat","background-position":"center center","background-size":"auto","background-attachment":"scroll","background-type":"","background-media":"","overlay-type":"","overlay-color":"","overlay-opacity":"","overlay-gradient":""}}},"product_brand":[],"product_cat":[17],"product_tag":[34,21,19,18,22,37],"class_list":{"0":"post-203","1":"product","2":"type-product","3":"status-publish","4":"has-post-thumbnail","6":"product_cat-cartao-presente","7":"product_tag-500-reais","8":"product_tag-cartao","9":"product_tag-cartao-presente","10":"product_tag-gift-card","11":"product_tag-presente","12":"product_tag-recanto-gaucho","13":"desktop-align-left","14":"tablet-align-left","15":"mobile-align-left","17":"first","18":"instock","19":"sold-individually","20":"shipping-taxable","21":"purchasable","22":"product-type-wgm_gift_card"},"wcol_rules":[],"_links":{"self":[{"href":"https:\/\/churrascariarecantogaucho.com.br\/store\/wp-json\/wp\/v2\/product\/203","targetHints":{"allow":["GET"]}}],"collection":[{"href":"https:\/\/churrascariarecantogaucho.com.br\/store\/wp-json\/wp\/v2\/product"}],"about":[{"href":"https:\/\/churrascariarecantogaucho.com.br\/store\/wp-json\/wp\/v2\/types\/product"}],"wp:featuredmedia":[{"embeddable":true,"href":"https:\/\/churrascariarecantogaucho.com.br\/store\/wp-json\/wp\/v2\/media\/414"}],"wp:attachment":[{"href":"https:\/\/churrascariarecantogaucho.com.br\/store\/wp-json\/wp\/v2\/media?parent=203"}],"wp:term":[{"taxonomy":"product_brand","embeddable":true,"href":"https:\/\/churrascariarecantogaucho.com.br\/store\/wp-json\/wp\/v2\/product_brand?post=203"},{"taxonomy":"product_cat","embeddable":true,"href":"https:\/\/churrascariarecantogaucho.com.br\/store\/wp-json\/wp\/v2\/product_cat?post=203"},{"taxonomy":"product_tag","embeddable":true,"href":"https:\/\/churrascariarecantogaucho.com.br\/store\/wp-json\/wp\/v2\/product_tag?post=203"}],"curies":[{"name":"wp","href":"https:\/\/api.w.org\/{rel}","templated":true}]}}